 the prime factors of 3265404?
2, 3, 41, 6637
List the prime factors of 435643.
13, 23, 31, 47
List the prime factors of 3815527.
3815527
List the prime factors of 401307.
3, 133769
List the prime factors of 1013028.
2, 3, 29, 41, 71
List the prime factors of 535224.
2, 3, 29, 769
What are the prime factors of 8932984?
2, 37, 103, 293
What are the prime factors of 44487?
3, 4943
List the prime factors of 32211.
3, 1193
List the prime factors of 14474295.
3, 5, 11, 19
List the prime factors of 225843.
3, 83, 907
List the prime factors of 31571742.
2, 3, 5261957
List the prime factors of 1202452.
2, 43, 6991
List the prime factors of 146989.
146989
What are the prime factors of 14914187?
83, 179689
What are the prime factors of 401372?
2, 100343
List the prime factors of 303412.
2, 75853
List the prime factors of 580657.
7, 11, 7541
List the prime factors of 53210.
2, 5, 17, 313
What are the prime factors of 18089900?
2, 5, 19, 9521
What are the prime factors of 1491486?
2, 3, 331, 751
List the prime factors of 3815976.
2, 3, 23, 31, 223
List the prime factors of 4735979.
17, 61, 4567
What are the prime factors of 200351?
200351
List the prime factors of 15819022.
2, 7909511
List the prime factors of 2951027.
2951027
What are the prime factors of 170697?
3, 17, 3347
What are the prime factors of 3509588?
2, 877397
What are the prime factors of 287581?
7, 5869
What are the prime factors of 3364268?
2, 467, 1801
List the prime factors of 158291.
7, 22613
List the prime factors of 1088128.
2, 8501
List the prime factors of 4752664.
2, 7, 84869
List the prime factors of 12262012.
2, 7, 29, 15101
What are the prime factors of 3075171?
3, 11, 93187
List the prime factors of 3464167.
7, 191, 2591
What are the prime factors of 4174873?
4174873
What are the prime factors of 275585?
5, 55117
List the prime factors of 454273.
23, 19751
List the prime factors of 32758057.
41, 239, 3343
What are the prime factors of 6199152?
2, 3, 17, 71, 107
What are the prime factors of 290089?
263, 1103
What are the prime factors of 924490?
2, 5, 7, 47, 281
List the prime factors of 237052.
2, 59263
What are the prime factors of 2102440?
2, 5, 52561
List the prime factors of 12413990.
2, 5, 157, 7907
What are the prime factors of 33833016?
2, 3, 7, 67129
List the prime factors of 7284255.
3, 5, 11, 131, 337
What are the prime factors of 19406265?
3, 5, 17, 76103
What are the prime factors of 3700107?
3, 43, 3187
List the prime factors of 10684.
2, 2671
List the prime factors of 8112416.
2, 13, 19501
List the prime factors of 3481479.
3, 29, 13339
List the prime factors of 426586.
2, 263, 811
What are the prime factors of 597474?
2, 3, 19, 1747
List the prime factors of 245090.
2, 5, 24509
List the prime factors of 1565617.
47, 33311
List the prime factors of 353012.
2, 11, 71, 113
List the prime factors of 3113932.
2, 89, 8747
What are the prime factors of 331497?
3, 36833
List the prime factors of 2631119.
331, 7949
List the prime factors of 176455.
5, 35291
What are the prime factors of 4522752?
2, 3, 13, 151
List the prime factors of 384999.
3, 17, 7549
What are the prime factors of 161807?
161807
What are the prime factors of 371545?
5, 19, 3911
List the prime factors of 6719627.
6719627
What are the prime factors of 905232?
2, 3, 18859
What are the prime factors of 1474166?
2, 737083
What are the prime factors of 1073043?
3, 119227
What are the prime factors of 5931985?
5, 1186397
What are the prime factors of 386397?
3, 11, 1301
What are the prime factors of 118490?
2, 5, 17, 41
What are the prime factors of 262274?
2, 71, 1847
What are the prime factors of 146638?
2, 157, 467
List the prime factors of 9615.
3, 5, 641
What are the prime factors of 509491?
577, 883
What are the prime factors of 139217?
13, 10709
List the prime factors of 124176.
2, 3, 13, 199
What are the prime factors of 1593370?
2, 5, 159337
What are the prime factors of 43949694?
2, 3, 7324949
What are the prime factors of 85145?
5, 17029
What are the prime factors of 1867562?
2, 933781
What are the prime factors of 7696719?
3, 855191
List the prime factors of 7935604.
2, 601, 3301
List the prime factors of 5158975.
5, 19, 10861
What are the prime factors of 960610?
2, 5, 7, 13723
What are the prime factors of 516800?
2, 5, 17, 19
List the prime factors of 181630.
2, 5, 41, 443
List the prime factors of 665140.
2, 5, 7, 4751
List the prime factors of 397946.
2, 23, 41, 211
List the prime factors of 16861662.
2, 3, 312253
List the prime factors of 8987873.
2351, 3823
What are the prime factors of 3683285?
5, 736657
List the prime factors of 240876.
2, 3, 6691
What are the prime factors of 1049022?
2, 3, 13, 4483
List the prime factors of 23017054.
2, 1531, 7517
What are the prime factors of 372579?
3, 124193
List the prime factors of 18244892.
2, 79, 57737
List the prime factors of 468430.
2, 5, 139, 337
List the prime factors of 8307686.
2, 43, 96601
List the prime factors of 5849043.
3, 673, 2897
List the prime factors of 690286.
2, 345143
What are the prime factors of 401898?
2, 3, 7, 1367
List the prime factors of 1902869.
19, 100151
List the prime factors of 2256756.
2, 3, 61, 3083
List the prime factors of 4691621.
11, 59, 7229
What are the prime factors of 102101?
102101
What are the prime factors of 3604093?
163, 22111
What are the prime factors of 5036859?
3, 67, 8353
What are the prime factors of 170903?
31, 37, 149
List the prime factors of 310073.
43, 7211
What are the prime factors of 8135829?
3, 13, 1783
List the prime factors of 710675.
5, 7, 31, 131
List the prime factors of 4589665.
5, 37, 24809
List the prime factors of 5681585.
5, 7, 13, 12487
What are the prime factors of 1306336?
2, 40823
List the prime factors of 24462058.
2, 419, 29191
What are the prime factors of 18619189?
29, 31, 139, 149
What are the prime factors of 6831815?
5, 239, 5717
What are the prime factors of 226295?
5, 45259
What are the prime factors of 2629777?
2629777
List the prime factors of 146252.
2, 36563
What are the prime factors of 8086330?
2, 5, 7, 331, 349
List the prime factors of 428938.
2, 214469
List the prime factors of 55457.
55457
List the prime factors of 1838385.
3, 5, 40853
List the prime factors of 1240196.
2, 310049
List the prime factors of 3377211.
3, 41, 27457
What are the prime factors of 100408?
2, 7, 11, 163
List the prime factors of 27256911.
3, 11, 293, 2819
List the prime factors of 222644.
2, 55661
List the prime factors of 3434475.
3, 5, 11, 23, 181
What are the prime factors of 2412883?
11, 219353
What are the prime factors of 16217592?
2, 3, 17, 39749
List the prime factors of 419781.
3, 17, 8231
What are the prime factors of 2478057?
3, 826019
List the prime factors of 4413990.
2, 3, 5, 7, 21019
What are the prime factors of 1672463?
13, 127, 1013
What are the prime factors of 13986030?
2, 3, 5, 466201
List the prime factors of 620136.
2, 3, 11, 29
What are the prime factors of 702888?
2, 3, 29287
What are the prime factors of 2158985?
5, 431797
List the prime factors of 50183.
7, 67, 107
List the prime factors of 2813803.
647, 4349
What are the prime factors of 1592724?
2, 3, 7, 67, 283
List the prime factors of 307202.
2, 7, 21943
What are the prime factors of 528549?
3, 7, 25169
List the prime factors of 8237837.
103, 79979
What are the prime factors of 23710279?
2333, 10163
List the prime factors of 615547.
59, 10433
What are the prime factors of 617676?
2, 3, 51473
List the prime factors of 33348369.
3, 107, 103889
List the prime factors of 9681551.
11, 17, 23, 2251
List the prime factors of 6488934.
2, 3, 17, 63617
What are the prime factors of 2798997?
3, 932999
List the prime factors of 2997.
3, 37
What are the prime factors of 29441697?
3, 19, 516521
What are the prime factors of 64920?
2, 3, 5, 541
List the prime factors of 20555.
5, 4111
List the prime factors of 580853.
7, 13, 491
What are the prime factors of 5880657?
3, 17, 67, 1721
What are the prime factors of 15690461?
3719, 4219
List the prime factors of 528173.
17, 31069
What are the prime factors of 490303?
11, 29, 53
What are the prime factors of 478633?
43, 11131
What are the prime factors of 4915042?
2, 11, 157, 1423
What are the prime factors of 26268044?
2, 11, 41, 14561
List the prime factors 